{"id":13,"date":"2017-10-15T01:53:18","date_gmt":"2017-10-15T03:53:18","guid":{"rendered":"https:\/\/mazonmaquetes.com.br\/ingles\/ingles\/a-mazon\/"},"modified":"2023-10-04T14:44:00","modified_gmt":"2023-10-04T17:44:00","slug":"the-mazon","status":"publish","type":"page","link":"https:\/\/mazonmaquetes.com.br\/ingles\/the-mazon\/","title":{"rendered":"THE MAZON"},"content":{"rendered":"<section class=\"service-about\">\r\n<div class=\"container\">\r\n<div class=\"row\">\r\n<div class=\"col-sm-6\">\r\n<h3 class=\"about-title\">Who we are?<\/h3>\r\n\r\n<p>Founded in July 1994 in Curitiba \u2013 PR, Mazon Maquetes e Modelos works in the elaboration of models for several applications and sectors, such as real estate, industrial, museum, academic, and other markets at a national and international level.<\/p>\r\n\r\n<p>It has specialized and qualified professionals such as Architects, Designers, Visual Artists, Carpenters, Painters, and Experienced Model Makers. It uses state-of-the-art technologies in its production, such as Laser and Router Electronic Cuttings, LED Lighting Systems, and Electromechanical Solutions for possible movements.<\/p>\r\n\r\n<\/div>\r\n\r\n<div class=\"col-sm-6\"><img decoding=\"async\" src=\"https:\/\/mazonmaquetes.com.br\/ingles\/wp-content\/uploads\/portfolios\/chause-1-maquetes-curitiba.jpg\" alt=\"Mazon Maquetes e Modelos em Curitiba\" class=\"img-responsive\" \/><\/div>\r\n<\/div>\r\n\r\n<\/div>\r\n\r\n<\/section>\r\n\r\n<div class=\"about-quote\">\r\n<div class=\"container\">\r\n<div class=\"row\">\r\n<div class=\"col-sm-8 col-sm-offset-2\">\r\n<h4>&#8220;We recognize the importance of internationalization for the growth of the company. Approximately 25% of our customers have an international presence.&#8221;<\/h4>\r\n<\/div>\r\n<\/div>\r\n<\/div>\r\n<\/div>","protected":false},"excerpt":{"rendered":"<p>Who we are? Founded in July 1994 in Curitiba \u2013 PR, Mazon Maquetes e Modelos works in the elaboration of models for&#8230;<\/p>\n","protected":false},"author":1,"featured_media":0,"parent":0,"menu_order":0,"comment_status":"closed","ping_status":"closed","template":"","meta":{"footnotes":""},"yoast_head":"<!-- This site is optimized with the Yoast SEO plugin v21.3 - https:\/\/yoast.com\/wordpress\/plugins\/seo\/ -->\n<title>THE MAZON &#8212; Mazon Maquetes<\/title>\n<meta name=\"description\" content=\"Nossas maquetes contam com profissionais especializados como Arquitetos, Designers, Artistas Pl\u00e1sticos, Marceneiros, Pintores e Maquetistas Experientes.\" \/>\n<meta name=\"robots\" content=\"index, follow, max-snippet:-1, max-image-preview:large, max-video-preview:-1\" \/>\n<link rel=\"canonical\" href=\"https:\/\/mazonmaquetes.com.br\/ingles\/the-mazon\/\" \/>\n<meta property=\"og:locale\" content=\"pt_BR\" \/>\n<meta property=\"og:type\" content=\"article\" \/>\n<meta property=\"og:title\" content=\"THE MAZON &#8212; Mazon Maquetes\" \/>\n<meta property=\"og:description\" content=\"Nossas maquetes contam com profissionais especializados como Arquitetos, Designers, Artistas Pl\u00e1sticos, Marceneiros, Pintores e Maquetistas Experientes.\" \/>\n<meta property=\"og:url\" content=\"https:\/\/mazonmaquetes.com.br\/ingles\/the-mazon\/\" \/>\n<meta property=\"og:site_name\" content=\"Mazon Maquetes\" \/>\n<meta property=\"article:publisher\" content=\"https:\/\/pt-br.facebook.com\/MazonMaquetes\/\" \/>\n<meta property=\"article:modified_time\" content=\"2023-10-04T17:44:00+00:00\" \/>\n<meta property=\"og:image\" content=\"https:\/\/mazonmaquetes.com.br\/ingles\/wp-content\/uploads\/portfolios\/chause-1-maquetes-curitiba.jpg\" \/>\n<meta name=\"twitter:card\" content=\"summary_large_image\" \/>\n<meta name=\"twitter:site\" content=\"@mazonmaquetes\" \/>\n<meta name=\"twitter:label1\" content=\"Est. tempo de leitura\" \/>\n\t<meta name=\"twitter:data1\" content=\"1 minuto\" \/>\n<script type=\"application\/ld+json\" class=\"yoast-schema-graph\">{\"@context\":\"https:\/\/schema.org\",\"@graph\":[{\"@type\":\"WebPage\",\"@id\":\"https:\/\/mazonmaquetes.com.br\/ingles\/the-mazon\/\",\"url\":\"https:\/\/mazonmaquetes.com.br\/ingles\/the-mazon\/\",\"name\":\"THE MAZON &#8212; Mazon Maquetes\",\"isPartOf\":{\"@id\":\"https:\/\/mazonmaquetes.com.br\/ingles\/#website\"},\"datePublished\":\"2017-10-15T03:53:18+00:00\",\"dateModified\":\"2023-10-04T17:44:00+00:00\",\"description\":\"Nossas maquetes contam com profissionais especializados como Arquitetos, Designers, Artistas Pl\u00e1sticos, Marceneiros, Pintores e Maquetistas Experientes.\",\"breadcrumb\":{\"@id\":\"https:\/\/mazonmaquetes.com.br\/ingles\/the-mazon\/#breadcrumb\"},\"inLanguage\":\"pt-BR\",\"potentialAction\":[{\"@type\":\"ReadAction\",\"target\":[\"https:\/\/mazonmaquetes.com.br\/ingles\/the-mazon\/\"]}]},{\"@type\":\"BreadcrumbList\",\"@id\":\"https:\/\/mazonmaquetes.com.br\/ingles\/the-mazon\/#breadcrumb\",\"itemListElement\":[{\"@type\":\"ListItem\",\"position\":1,\"name\":\"In\u00edcio\",\"item\":\"https:\/\/mazonmaquetes.com.br\/ingles\/\"},{\"@type\":\"ListItem\",\"position\":2,\"name\":\"THE MAZON\"}]},{\"@type\":\"WebSite\",\"@id\":\"https:\/\/mazonmaquetes.com.br\/ingles\/#website\",\"url\":\"https:\/\/mazonmaquetes.com.br\/ingles\/\",\"name\":\"Mazon Maquetes\",\"description\":\"A Mazon Maquetes e Modelos atua na elabora\u00e7\u00e3o de maquetes para diversos setores e aplica\u00e7\u00f5es, como o mercado imobili\u00e1rio, industrial, museol\u00f3gico, acad\u00eamico e outros a n\u00edvel nacional e internacional.\",\"potentialAction\":[{\"@type\":\"SearchAction\",\"target\":{\"@type\":\"EntryPoint\",\"urlTemplate\":\"https:\/\/mazonmaquetes.com.br\/ingles\/?s={search_term_string}\"},\"query-input\":\"required name=search_term_string\"}],\"inLanguage\":\"pt-BR\"}]}<\/script>\n<!-- \/ Yoast SEO plugin. -->","yoast_head_json":{"title":"THE MAZON &#8212; Mazon Maquetes","description":"Nossas maquetes contam com profissionais especializados como Arquitetos, Designers, Artistas Pl\u00e1sticos, Marceneiros, Pintores e Maquetistas Experientes.","robots":{"index":"index","follow":"follow","max-snippet":"max-snippet:-1","max-image-preview":"max-image-preview:large","max-video-preview":"max-video-preview:-1"},"canonical":"https:\/\/mazonmaquetes.com.br\/ingles\/the-mazon\/","og_locale":"pt_BR","og_type":"article","og_title":"THE MAZON &#8212; Mazon Maquetes","og_description":"Nossas maquetes contam com profissionais especializados como Arquitetos, Designers, Artistas Pl\u00e1sticos, Marceneiros, Pintores e Maquetistas Experientes.","og_url":"https:\/\/mazonmaquetes.com.br\/ingles\/the-mazon\/","og_site_name":"Mazon Maquetes","article_publisher":"https:\/\/pt-br.facebook.com\/MazonMaquetes\/","article_modified_time":"2023-10-04T17:44:00+00:00","og_image":[{"url":"https:\/\/mazonmaquetes.com.br\/ingles\/wp-content\/uploads\/portfolios\/chause-1-maquetes-curitiba.jpg"}],"twitter_card":"summary_large_image","twitter_site":"@mazonmaquetes","twitter_misc":{"Est. tempo de leitura":"1 minuto"},"schema":{"@context":"https:\/\/schema.org","@graph":[{"@type":"WebPage","@id":"https:\/\/mazonmaquetes.com.br\/ingles\/the-mazon\/","url":"https:\/\/mazonmaquetes.com.br\/ingles\/the-mazon\/","name":"THE MAZON &#8212; Mazon Maquetes","isPartOf":{"@id":"https:\/\/mazonmaquetes.com.br\/ingles\/#website"},"datePublished":"2017-10-15T03:53:18+00:00","dateModified":"2023-10-04T17:44:00+00:00","description":"Nossas maquetes contam com profissionais especializados como Arquitetos, Designers, Artistas Pl\u00e1sticos, Marceneiros, Pintores e Maquetistas Experientes.","breadcrumb":{"@id":"https:\/\/mazonmaquetes.com.br\/ingles\/the-mazon\/#breadcrumb"},"inLanguage":"pt-BR","potentialAction":[{"@type":"ReadAction","target":["https:\/\/mazonmaquetes.com.br\/ingles\/the-mazon\/"]}]},{"@type":"BreadcrumbList","@id":"https:\/\/mazonmaquetes.com.br\/ingles\/the-mazon\/#breadcrumb","itemListElement":[{"@type":"ListItem","position":1,"name":"In\u00edcio","item":"https:\/\/mazonmaquetes.com.br\/ingles\/"},{"@type":"ListItem","position":2,"name":"THE MAZON"}]},{"@type":"WebSite","@id":"https:\/\/mazonmaquetes.com.br\/ingles\/#website","url":"https:\/\/mazonmaquetes.com.br\/ingles\/","name":"Mazon Maquetes","description":"A Mazon Maquetes e Modelos atua na elabora\u00e7\u00e3o de maquetes para diversos setores e aplica\u00e7\u00f5es, como o mercado imobili\u00e1rio, industrial, museol\u00f3gico, acad\u00eamico e outros a n\u00edvel nacional e internacional.","potentialAction":[{"@type":"SearchAction","target":{"@type":"EntryPoint","urlTemplate":"https:\/\/mazonmaquetes.com.br\/ingles\/?s={search_term_string}"},"query-input":"required name=search_term_string"}],"inLanguage":"pt-BR"}]}},"_links":{"self":[{"href":"https:\/\/mazonmaquetes.com.br\/ingles\/wp-json\/wp\/v2\/pages\/13"}],"collection":[{"href":"https:\/\/mazonmaquetes.com.br\/ingles\/wp-json\/wp\/v2\/pages"}],"about":[{"href":"https:\/\/mazonmaquetes.com.br\/ingles\/wp-json\/wp\/v2\/types\/page"}],"author":[{"embeddable":true,"href":"https:\/\/mazonmaquetes.com.br\/ingles\/wp-json\/wp\/v2\/users\/1"}],"replies":[{"embeddable":true,"href":"https:\/\/mazonmaquetes.com.br\/ingles\/wp-json\/wp\/v2\/comments?post=13"}],"version-history":[{"count":0,"href":"https:\/\/mazonmaquetes.com.br\/ingles\/wp-json\/wp\/v2\/pages\/13\/revisions"}],"wp:attachment":[{"href":"https:\/\/mazonmaquetes.com.br\/ingles\/wp-json\/wp\/v2\/media?parent=13"}],"curies":[{"name":"wp","href":"https:\/\/api.w.org\/{rel}","templated":true}]}}