{"id":15,"date":"2017-10-15T01:53:18","date_gmt":"2017-10-15T03:53:18","guid":{"rendered":"https:\/\/mazonmaquetes.com.br\/espanhol\/clientes\/"},"modified":"2017-10-17T10:06:20","modified_gmt":"2017-10-17T12:06:20","slug":"nossos-clientes","status":"publish","type":"page","link":"https:\/\/mazonmaquetes.com.br\/espanhol\/nossos-clientes\/","title":{"rendered":"Clientes"},"content":{"rendered":"<section class=\"portfolio-gallery\">\r\n<div class=\"container\">\r\n<div class=\"row\">\r\n<div class=\"col-md-3\" style=\"height: 240px;\">\r\n<figure><img decoding=\"async\" src=\"https:\/\/mazonmaquetes.com.br\/espanhol\/wp-content\/uploads\/2017\/10\/3sgir_lg_mrv_nova-maquetes-curitiba.jpg\" style=\"max-height: 240px; margin: auto;\" alt=\"Cliente Mazon Maquetes\" class=\"img-responsive\" \/><\/figure>\r\n<\/div>\r\n<div class=\"col-md-3\" style=\"height: 240px;\">\r\n<figure><img decoding=\"async\" src=\"https:\/\/mazonmaquetes.com.br\/espanhol\/wp-content\/uploads\/2017\/10\/agafisa-maquetes-curitiba.jpg\" style=\"max-height: 240px; margin: auto;\" alt=\"Cliente Mazon Maquetes\" class=\"img-responsive\" \/><\/figure>\r\n<\/div>\r\n<div class=\"col-md-3\" style=\"height: 240px;\">\r\n<figure><img decoding=\"async\" src=\"https:\/\/mazonmaquetes.com.br\/espanhol\/wp-content\/uploads\/2017\/10\/agre-maquetes-curitiba.png\" style=\"max-height: 240px; margin: auto;\" alt=\"Cliente Mazon Maquetes\" class=\"img-responsive\" \/><\/figure>\r\n<\/div>\r\n<div class=\"col-md-3\" style=\"height: 240px;\">\r\n<figure><img decoding=\"async\" src=\"https:\/\/mazonmaquetes.com.br\/espanhol\/wp-content\/uploads\/2017\/10\/avantti-maquetes-curitiba.jpg\" style=\"max-height: 240px; margin: auto;\" alt=\"Cliente Mazon Maquetes\" class=\"img-responsive\" \/><\/figure>\r\n<\/div>\r\n<div class=\"col-md-3\" style=\"height: 240px;\">\r\n<figure><img decoding=\"async\" src=\"https:\/\/mazonmaquetes.com.br\/espanhol\/wp-content\/uploads\/2017\/10\/bacopccini-maquetes-curitiba.jpg\" style=\"max-height: 240px; margin: auto;\" alt=\"Cliente Mazon Maquetes\" class=\"img-responsive\" \/><\/figure>\r\n<\/div>\r\n<div class=\"col-md-3\" style=\"height: 240px;\">\r\n<figure><img decoding=\"async\" src=\"https:\/\/mazonmaquetes.com.br\/espanhol\/wp-content\/uploads\/2017\/10\/baggio-maquetes-curitiba.jpg\" style=\"max-height: 240px; margin: auto;\" alt=\"Cliente Mazon Maquetes\" class=\"img-responsive\" \/><\/figure>\r\n<\/div>\r\n<div class=\"col-md-3\" style=\"height: 240px;\">\r\n<figure><img decoding=\"async\" src=\"https:\/\/mazonmaquetes.com.br\/espanhol\/wp-content\/uploads\/2017\/10\/baggio-schiavon-maquetes-curitiba.jpg\" style=\"max-height: 240px; margin: auto;\" alt=\"Cliente Mazon Maquetes\" class=\"img-responsive\" \/><\/figure>\r\n<\/div>\r\n<div class=\"col-md-3\" style=\"height: 240px;\">\r\n<figure><img decoding=\"async\" src=\"https:\/\/mazonmaquetes.com.br\/espanhol\/wp-content\/uploads\/2017\/10\/cantareira-maquetes-curitiba.jpg\" style=\"max-height: 240px; margin: auto;\" alt=\"Cliente Mazon Maquetes\" class=\"img-responsive\" \/><\/figure>\r\n<\/div>\r\n<div class=\"col-md-3\" style=\"height: 240px;\">\r\n<figure><img decoding=\"async\" src=\"https:\/\/mazonmaquetes.com.br\/espanhol\/wp-content\/uploads\/2017\/10\/comcasa-maquetes-curitiba.jpg\" style=\"max-height: 240px; margin: auto;\" alt=\"Cliente Mazon Maquetes\" class=\"img-responsive\" \/><\/figure>\r\n<\/div>\r\n<div class=\"col-md-3\" style=\"height: 240px;\">\r\n<figure><img decoding=\"async\" src=\"https:\/\/mazonmaquetes.com.br\/espanhol\/wp-content\/uploads\/2017\/10\/copel-maquetes-curitiba.jpg\" style=\"max-height: 240px; margin: auto;\" alt=\"Cliente Mazon Maquetes\" class=\"img-responsive\" \/><\/figure>\r\n<\/div>\r\n<div class=\"col-md-3\" style=\"height: 240px;\">\r\n<figure><img decoding=\"async\" src=\"https:\/\/mazonmaquetes.com.br\/espanhol\/wp-content\/uploads\/2017\/10\/costa-guerra-maquetes-curitiba.jpg\" style=\"max-height: 240px; margin: auto;\" alt=\"Cliente Mazon Maquetes\" class=\"img-responsive\" \/><\/figure>\r\n<\/div>\r\n<div class=\"col-md-3\" style=\"height: 240px;\">\r\n<figure><img decoding=\"async\" src=\"https:\/\/mazonmaquetes.com.br\/espanhol\/wp-content\/uploads\/2017\/10\/e323b2eff7f74372bdac9952eb2568d0-maquetes-curitiba.jpg\" style=\"max-height: 240px; margin: auto;\" alt=\"Cliente Mazon Maquetes\" class=\"img-responsive\" \/><\/figure>\r\n<\/div>\r\n<div class=\"col-md-3\" style=\"height: 240px;\">\r\n<figure><img decoding=\"async\" src=\"https:\/\/mazonmaquetes.com.br\/espanhol\/wp-content\/uploads\/2017\/10\/file-400068422-maquetes-curitiba.jpg\" style=\"max-height: 240px; margin: auto;\" alt=\"Cliente Mazon Maquetes\" class=\"img-responsive\" \/><\/figure>\r\n<\/div>\r\n<div class=\"col-md-3\" style=\"height: 240px;\">\r\n<figure><img decoding=\"async\" src=\"https:\/\/mazonmaquetes.com.br\/espanhol\/wp-content\/uploads\/2017\/10\/fogo_fontanive-maquetes-curitiba.jpg\" style=\"max-height: 240px; margin: auto;\" alt=\"Cliente Mazon Maquetes\" class=\"img-responsive\" \/><\/figure>\r\n<\/div>\r\n<div class=\"col-md-3\" style=\"height: 240px;\">\r\n<figure><img decoding=\"async\" src=\"https:\/\/mazonmaquetes.com.br\/espanhol\/wp-content\/uploads\/2017\/10\/godfarb-maquetes-curitiba.jpg\" style=\"max-height: 240px; margin: auto;\" alt=\"Cliente Mazon Maquetes\" class=\"img-responsive\" \/><\/figure>\r\n<\/div>\r\n<div class=\"col-md-3\" style=\"height: 240px;\">\r\n<figure><img decoding=\"async\" src=\"https:\/\/mazonmaquetes.com.br\/espanhol\/wp-content\/uploads\/2017\/10\/grupoln-maquetes-curitiba.jpg\" style=\"max-height: 240px; margin: auto;\" alt=\"Cliente Mazon Maquetes\" class=\"img-responsive\" \/><\/figure>\r\n<\/div>\r\n<div class=\"col-md-3\" style=\"height: 240px;\">\r\n<figure><img decoding=\"async\" src=\"https:\/\/mazonmaquetes.com.br\/espanhol\/wp-content\/uploads\/2017\/10\/itaipu-maquetes-curitiba.jpg\" style=\"max-height: 240px; margin: auto;\" alt=\"Cliente Mazon Maquetes\" class=\"img-responsive\" \/><\/figure>\r\n<\/div>\r\n<div class=\"col-md-3\" style=\"height: 240px;\">\r\n<figure><img decoding=\"async\" src=\"https:\/\/mazonmaquetes.com.br\/espanhol\/wp-content\/uploads\/2017\/10\/logo-brookfield-maquetes-curitiba.png\" style=\"max-height: 240px; margin: auto;\" alt=\"Cliente Mazon Maquetes\" class=\"img-responsive\" \/><\/figure>\r\n<\/div>\r\n<div class=\"col-md-3\" style=\"height: 240px;\">\r\n<figure><img decoding=\"async\" src=\"https:\/\/mazonmaquetes.com.br\/espanhol\/wp-content\/uploads\/2017\/10\/logo-feito-maquetes-curitiba.jpg\" style=\"max-height: 240px; margin: auto;\" alt=\"Cliente Mazon Maquetes\" class=\"img-responsive\" \/><\/figure>\r\n<\/div>\r\n<div class=\"col-md-3\" style=\"height: 240px;\">\r\n<figure><img decoding=\"async\" src=\"https:\/\/mazonmaquetes.com.br\/espanhol\/wp-content\/uploads\/2017\/10\/logo-jorasa-maquetes-curitiba.jpg\" style=\"max-height: 240px; margin: auto;\" alt=\"Cliente Mazon Maquetes\" class=\"img-responsive\" \/><\/figure>\r\n<\/div>\r\n<div class=\"col-md-3\" style=\"height: 240px;\">\r\n<figure><img decoding=\"async\" src=\"https:\/\/mazonmaquetes.com.br\/espanhol\/wp-content\/uploads\/2017\/10\/logo-mon-maquetes-curitiba.jpg\" style=\"max-height: 240px; margin: auto;\" alt=\"Cliente Mazon Maquetes\" class=\"img-responsive\" \/><\/figure>\r\n<\/div>\r\n<div class=\"col-md-3\" style=\"height: 240px;\">\r\n<figure><img decoding=\"async\" src=\"https:\/\/mazonmaquetes.com.br\/espanhol\/wp-content\/uploads\/2017\/10\/logo-pdg-maquetes-curitiba.jpg\" style=\"max-height: 240px; margin: auto;\" alt=\"Cliente Mazon Maquetes\" class=\"img-responsive\" \/><\/figure>\r\n<\/div>\r\n<div class=\"col-md-3\" style=\"height: 240px;\">\r\n<figure><img decoding=\"async\" src=\"https:\/\/mazonmaquetes.com.br\/espanhol\/wp-content\/uploads\/2017\/10\/logo-sasis-maquetes-curitiba.jpg\" style=\"max-height: 240px; margin: auto;\" alt=\"Cliente Mazon Maquetes\" class=\"img-responsive\" \/><\/figure>\r\n<\/div>\r\n<div class=\"col-md-3\" style=\"height: 240px;\">\r\n<figure><img decoding=\"async\" src=\"https:\/\/mazonmaquetes.com.br\/espanhol\/wp-content\/uploads\/2017\/10\/logo-vcg-maquetes-curitiba.jpg\" style=\"max-height: 240px; margin: auto;\" alt=\"Cliente Mazon Maquetes\" class=\"img-responsive\" \/><\/figure>\r\n<\/div>\r\n<div class=\"col-md-3\" style=\"height: 240px;\">\r\n<figure><img decoding=\"async\" src=\"https:\/\/mazonmaquetes.com.br\/espanhol\/wp-content\/uploads\/2017\/10\/logo-washington-maquetes-curitiba.jpg\" style=\"max-height: 240px; margin: auto;\" alt=\"Cliente Mazon Maquetes\" class=\"img-responsive\" \/><\/figure>\r\n<\/div>\r\n<div class=\"col-md-3\" style=\"height: 240px;\">\r\n<figure><img decoding=\"async\" src=\"https:\/\/mazonmaquetes.com.br\/espanhol\/wp-content\/uploads\/2017\/10\/logo-zelta-maquetes-curitiba.jpg\" style=\"max-height: 240px; margin: auto;\" alt=\"Cliente Mazon Maquetes\" class=\"img-responsive\" \/><\/figure>\r\n<\/div>\r\n<div class=\"col-md-3\" style=\"height: 240px;\">\r\n<figure><img decoding=\"async\" src=\"https:\/\/mazonmaquetes.com.br\/espanhol\/wp-content\/uploads\/2017\/10\/parana-clinicas-maquetes-curitiba.jpg\" style=\"max-height: 240px; margin: auto;\" alt=\"Cliente Mazon Maquetes\" class=\"img-responsive\" \/><\/figure>\r\n<\/div>\r\n<div class=\"col-md-3\" style=\"height: 240px;\">\r\n<figure><img decoding=\"async\" src=\"https:\/\/mazonmaquetes.com.br\/espanhol\/wp-content\/uploads\/2017\/10\/piemonte-maquetes-curitiba.jpg\" style=\"max-height: 240px; margin: auto;\" alt=\"Cliente Mazon Maquetes\" class=\"img-responsive\" \/><\/figure>\r\n<\/div>\r\n<div class=\"col-md-3\" style=\"height: 240px;\">\r\n<figure><img decoding=\"async\" src=\"https:\/\/mazonmaquetes.com.br\/espanhol\/wp-content\/uploads\/2017\/10\/racitec-maquetes-curitiba.jpg\" style=\"max-height: 240px; margin: auto;\" alt=\"Cliente Mazon Maquetes\" class=\"img-responsive\" \/><\/figure>\r\n<\/div>\r\n<div class=\"col-md-3\" style=\"height: 240px;\">\r\n<figure><img decoding=\"async\" src=\"https:\/\/mazonmaquetes.com.br\/espanhol\/wp-content\/uploads\/2017\/10\/realiza-maquetes-curitiba.jpg\" style=\"max-height: 240px; margin: auto;\" alt=\"Cliente Mazon Maquetes\" class=\"img-responsive\" \/><\/figure>\r\n<\/div>\r\n<div class=\"col-md-3\" style=\"height: 240px;\">\r\n<figure><img decoding=\"async\" src=\"https:\/\/mazonmaquetes.com.br\/espanhol\/wp-content\/uploads\/2017\/10\/swell-maquetes-curitiba.jpg\" style=\"max-height: 240px; margin: auto;\" alt=\"Cliente Mazon Maquetes\" class=\"img-responsive\" \/><\/figure>\r\n<\/div>\r\n<div class=\"col-md-3\" style=\"height: 240px;\">\r\n<figure><img decoding=\"async\" src=\"https:\/\/mazonmaquetes.com.br\/espanhol\/wp-content\/uploads\/2017\/10\/vinvere-maquetes-curitiba.jpg\" style=\"max-height: 240px; margin: auto;\" alt=\"Cliente Mazon Maquetes\" class=\"img-responsive\" \/><\/figure>\r\n<\/div>\r\n<div class=\"col-md-3\" style=\"height: 240px;\">\r\n<figure><img decoding=\"async\" src=\"https:\/\/mazonmaquetes.com.br\/espanhol\/wp-content\/uploads\/2017\/10\/logo_prefeitura_da_cidade-maquetes-curitiba.png\" style=\"max-height: 240px; margin: auto;\" alt=\"Cliente Mazon Maquetes\" class=\"img-responsive\" \/><\/figure>\r\n<\/div>\r\n<\/div>\r\n<\/div>\r\n<\/section>","protected":false},"excerpt":{"rendered":"","protected":false},"author":1,"featured_media":0,"parent":0,"menu_order":0,"comment_status":"closed","ping_status":"closed","template":"","meta":{"footnotes":""},"yoast_head":"<!-- This site is optimized with the Yoast SEO plugin v21.3 - https:\/\/yoast.com\/wordpress\/plugins\/seo\/ -->\n<title>Clientes &#8212; Mazon Maquetes<\/title>\n<meta name=\"description\" content=\"Executamos os projetos de maquetes de nossos clientes de forma minimalista e perfeita. Honramos sua confian\u00e7a a n\u00f3s em cada detalhe exigido pelo projeto.\" \/>\n<meta name=\"robots\" content=\"index, follow, max-snippet:-1, max-image-preview:large, max-video-preview:-1\" \/>\n<link rel=\"canonical\" href=\"https:\/\/mazonmaquetes.com.br\/espanhol\/nossos-clientes\/\" \/>\n<meta property=\"og:locale\" content=\"pt_BR\" \/>\n<meta property=\"og:type\" content=\"article\" \/>\n<meta property=\"og:title\" content=\"Clientes &#8212; Mazon Maquetes\" \/>\n<meta property=\"og:description\" content=\"Executamos os projetos de maquetes de nossos clientes de forma minimalista e perfeita. Honramos sua confian\u00e7a a n\u00f3s em cada detalhe exigido pelo projeto.\" \/>\n<meta property=\"og:url\" content=\"https:\/\/mazonmaquetes.com.br\/espanhol\/nossos-clientes\/\" \/>\n<meta property=\"og:site_name\" content=\"Mazon Maquetes\" \/>\n<meta property=\"article:publisher\" content=\"https:\/\/pt-br.facebook.com\/MazonMaquetes\/\" \/>\n<meta property=\"article:modified_time\" content=\"2017-10-17T12:06:20+00:00\" \/>\n<meta property=\"og:image\" content=\"https:\/\/mazonmaquetes.com.br\/espanhol\/wp-content\/uploads\/2017\/10\/3sgir_lg_mrv_nova-maquetes-curitiba.jpg\" \/>\n<meta name=\"twitter:card\" content=\"summary_large_image\" \/>\n<meta name=\"twitter:site\" content=\"@mazonmaquetes\" \/>\n<script type=\"application\/ld+json\" class=\"yoast-schema-graph\">{\"@context\":\"https:\/\/schema.org\",\"@graph\":[{\"@type\":\"WebPage\",\"@id\":\"https:\/\/mazonmaquetes.com.br\/espanhol\/nossos-clientes\/\",\"url\":\"https:\/\/mazonmaquetes.com.br\/espanhol\/nossos-clientes\/\",\"name\":\"Clientes &#8212; Mazon Maquetes\",\"isPartOf\":{\"@id\":\"https:\/\/mazonmaquetes.com.br\/espanhol\/#website\"},\"datePublished\":\"2017-10-15T03:53:18+00:00\",\"dateModified\":\"2017-10-17T12:06:20+00:00\",\"description\":\"Executamos os projetos de maquetes de nossos clientes de forma minimalista e perfeita. Honramos sua confian\u00e7a a n\u00f3s em cada detalhe exigido pelo projeto.\",\"breadcrumb\":{\"@id\":\"https:\/\/mazonmaquetes.com.br\/espanhol\/nossos-clientes\/#breadcrumb\"},\"inLanguage\":\"pt-BR\",\"potentialAction\":[{\"@type\":\"ReadAction\",\"target\":[\"https:\/\/mazonmaquetes.com.br\/espanhol\/nossos-clientes\/\"]}]},{\"@type\":\"BreadcrumbList\",\"@id\":\"https:\/\/mazonmaquetes.com.br\/espanhol\/nossos-clientes\/#breadcrumb\",\"itemListElement\":[{\"@type\":\"ListItem\",\"position\":1,\"name\":\"In\u00edcio\",\"item\":\"https:\/\/mazonmaquetes.com.br\/espanhol\/\"},{\"@type\":\"ListItem\",\"position\":2,\"name\":\"Clientes\"}]},{\"@type\":\"WebSite\",\"@id\":\"https:\/\/mazonmaquetes.com.br\/espanhol\/#website\",\"url\":\"https:\/\/mazonmaquetes.com.br\/espanhol\/\",\"name\":\"Mazon Maquetes\",\"description\":\"La Mazon Maquetes e Modelos atua na elabora\u00e7\u00e3o de maquetes para diversos setores e aplica\u00e7\u00f5es, como o mercado imobili\u00e1rio, industrial, museol\u00f3gico, acad\u00eamico e outros a n\u00edvel nacional e internacional.\",\"potentialAction\":[{\"@type\":\"SearchAction\",\"target\":{\"@type\":\"EntryPoint\",\"urlTemplate\":\"https:\/\/mazonmaquetes.com.br\/espanhol\/?s={search_term_string}\"},\"query-input\":\"required name=search_term_string\"}],\"inLanguage\":\"pt-BR\"}]}<\/script>\n<!-- \/ Yoast SEO plugin. -->","yoast_head_json":{"title":"Clientes &#8212; Mazon Maquetes","description":"Executamos os projetos de maquetes de nossos clientes de forma minimalista e perfeita. Honramos sua confian\u00e7a a n\u00f3s em cada detalhe exigido pelo projeto.","robots":{"index":"index","follow":"follow","max-snippet":"max-snippet:-1","max-image-preview":"max-image-preview:large","max-video-preview":"max-video-preview:-1"},"canonical":"https:\/\/mazonmaquetes.com.br\/espanhol\/nossos-clientes\/","og_locale":"pt_BR","og_type":"article","og_title":"Clientes &#8212; Mazon Maquetes","og_description":"Executamos os projetos de maquetes de nossos clientes de forma minimalista e perfeita. Honramos sua confian\u00e7a a n\u00f3s em cada detalhe exigido pelo projeto.","og_url":"https:\/\/mazonmaquetes.com.br\/espanhol\/nossos-clientes\/","og_site_name":"Mazon Maquetes","article_publisher":"https:\/\/pt-br.facebook.com\/MazonMaquetes\/","article_modified_time":"2017-10-17T12:06:20+00:00","og_image":[{"url":"https:\/\/mazonmaquetes.com.br\/espanhol\/wp-content\/uploads\/2017\/10\/3sgir_lg_mrv_nova-maquetes-curitiba.jpg"}],"twitter_card":"summary_large_image","twitter_site":"@mazonmaquetes","schema":{"@context":"https:\/\/schema.org","@graph":[{"@type":"WebPage","@id":"https:\/\/mazonmaquetes.com.br\/espanhol\/nossos-clientes\/","url":"https:\/\/mazonmaquetes.com.br\/espanhol\/nossos-clientes\/","name":"Clientes &#8212; Mazon Maquetes","isPartOf":{"@id":"https:\/\/mazonmaquetes.com.br\/espanhol\/#website"},"datePublished":"2017-10-15T03:53:18+00:00","dateModified":"2017-10-17T12:06:20+00:00","description":"Executamos os projetos de maquetes de nossos clientes de forma minimalista e perfeita. Honramos sua confian\u00e7a a n\u00f3s em cada detalhe exigido pelo projeto.","breadcrumb":{"@id":"https:\/\/mazonmaquetes.com.br\/espanhol\/nossos-clientes\/#breadcrumb"},"inLanguage":"pt-BR","potentialAction":[{"@type":"ReadAction","target":["https:\/\/mazonmaquetes.com.br\/espanhol\/nossos-clientes\/"]}]},{"@type":"BreadcrumbList","@id":"https:\/\/mazonmaquetes.com.br\/espanhol\/nossos-clientes\/#breadcrumb","itemListElement":[{"@type":"ListItem","position":1,"name":"In\u00edcio","item":"https:\/\/mazonmaquetes.com.br\/espanhol\/"},{"@type":"ListItem","position":2,"name":"Clientes"}]},{"@type":"WebSite","@id":"https:\/\/mazonmaquetes.com.br\/espanhol\/#website","url":"https:\/\/mazonmaquetes.com.br\/espanhol\/","name":"Mazon Maquetes","description":"La Mazon Maquetes e Modelos atua na elabora\u00e7\u00e3o de maquetes para diversos setores e aplica\u00e7\u00f5es, como o mercado imobili\u00e1rio, industrial, museol\u00f3gico, acad\u00eamico e outros a n\u00edvel nacional e internacional.","potentialAction":[{"@type":"SearchAction","target":{"@type":"EntryPoint","urlTemplate":"https:\/\/mazonmaquetes.com.br\/espanhol\/?s={search_term_string}"},"query-input":"required name=search_term_string"}],"inLanguage":"pt-BR"}]}},"_links":{"self":[{"href":"https:\/\/mazonmaquetes.com.br\/espanhol\/wp-json\/wp\/v2\/pages\/15"}],"collection":[{"href":"https:\/\/mazonmaquetes.com.br\/espanhol\/wp-json\/wp\/v2\/pages"}],"about":[{"href":"https:\/\/mazonmaquetes.com.br\/espanhol\/wp-json\/wp\/v2\/types\/page"}],"author":[{"embeddable":true,"href":"https:\/\/mazonmaquetes.com.br\/espanhol\/wp-json\/wp\/v2\/users\/1"}],"replies":[{"embeddable":true,"href":"https:\/\/mazonmaquetes.com.br\/espanhol\/wp-json\/wp\/v2\/comments?post=15"}],"version-history":[{"count":0,"href":"https:\/\/mazonmaquetes.com.br\/espanhol\/wp-json\/wp\/v2\/pages\/15\/revisions"}],"wp:attachment":[{"href":"https:\/\/mazonmaquetes.com.br\/espanhol\/wp-json\/wp\/v2\/media?parent=15"}],"curies":[{"name":"wp","href":"https:\/\/api.w.org\/{rel}","templated":true}]}}