{"id":13,"date":"2017-10-15T01:53:18","date_gmt":"2017-10-15T03:53:18","guid":{"rendered":"https:\/\/mazonmaquetes.com.br\/espanhol\/a-mazon\/"},"modified":"2023-06-27T14:55:49","modified_gmt":"2023-06-27T17:55:49","slug":"la-mazon","status":"publish","type":"page","link":"https:\/\/mazonmaquetes.com.br\/espanhol\/la-mazon\/","title":{"rendered":"La Mazon"},"content":{"rendered":"<section class=\"service-about\">\r\n<div class=\"container\">\r\n<div class=\"row\">\r\n<div class=\"col-sm-6\">\r\n<h3 class=\"about-title\">\u00bfQui\u00e9nes somos?<\/h3>\r\n<p>Fundada en julio de 1994 en Curitiba \u2013 PR, Mazon Maquetes e Modelos act\u00faa en el desarrollo de modelos para diversas aplicaciones y sectores como el inmobiliario, industrial, museol\u00f3gico, acad\u00e9mico y otros del mercado a nivel nacional e internacional.<\/p>\r\n<p>Cuenta con profesionales especializados y calificados como Arquitectos, Dise\u00f1adores, Artistas Pl\u00e1sticos, Carpinteros, Pintores y Modelistas Experimentados. Utiliza tecnolog\u00edas de \u00faltima generaci\u00f3n en su producci\u00f3n como Cortacircuitos Electr\u00f3nicos L\u00e1ser y Router, Sistemas de Iluminaci\u00f3n LED y Soluciones Electromec\u00e1nicas para posibles movimientos.<\/p>\r\n<\/div>\r\n<div class=\"col-sm-6\"><img decoding=\"async\" src=\"https:\/\/mazonmaquetes.com.br\/espanhol\/wp-content\/uploads\/portfolios\/chause-1-maquetes-curitiba.jpg\" alt=\"Mazon Maquetes e Modelos em Curitiba\" class=\"img-responsive\" \/><\/div>\r\n<\/div>\r\n<\/div>\r\n<\/section>\r\n<div class=\"about-quote\">\r\n<div class=\"container\">\r\n<div class=\"row\">\r\n<div class=\"col-sm-8 col-sm-offset-2\">\r\n<h4>\u201cReconocemos la importancia de la internacionalizaci\u00f3n para el crecimiento de la empresa. Aproximadamente el 25% de nuestros clientes tienen presencia Internacional.&#8221;<\/h4>\r\n<\/div>\r\n<\/div>\r\n<\/div>\r\n<\/div>","protected":false},"excerpt":{"rendered":"<p>\u00bfQui\u00e9nes somos? Fundada en julio de 1994 en Curitiba \u2013 PR, Mazon Maquetes e Modelos act\u00faa en el desarrollo de modelos para&#8230;<\/p>\n","protected":false},"author":1,"featured_media":0,"parent":0,"menu_order":0,"comment_status":"closed","ping_status":"closed","template":"","meta":{"footnotes":""},"yoast_head":"<!-- This site is optimized with the Yoast SEO plugin v21.3 - https:\/\/yoast.com\/wordpress\/plugins\/seo\/ -->\n<title>La Mazon &#8212; Mazon Maquetes<\/title>\n<meta name=\"description\" content=\"Nossas maquetes contam com profissionais especializados como Arquitetos, Designers, Artistas Pl\u00e1sticos, Marceneiros, Pintores e Maquetistas Experientes.\" \/>\n<meta name=\"robots\" content=\"index, follow, max-snippet:-1, max-image-preview:large, max-video-preview:-1\" \/>\n<link rel=\"canonical\" href=\"https:\/\/mazonmaquetes.com.br\/espanhol\/la-mazon\/\" \/>\n<meta property=\"og:locale\" content=\"pt_BR\" \/>\n<meta property=\"og:type\" content=\"article\" \/>\n<meta property=\"og:title\" content=\"La Mazon &#8212; Mazon Maquetes\" \/>\n<meta property=\"og:description\" content=\"Nossas maquetes contam com profissionais especializados como Arquitetos, Designers, Artistas Pl\u00e1sticos, Marceneiros, Pintores e Maquetistas Experientes.\" \/>\n<meta property=\"og:url\" content=\"https:\/\/mazonmaquetes.com.br\/espanhol\/la-mazon\/\" \/>\n<meta property=\"og:site_name\" content=\"Mazon Maquetes\" \/>\n<meta property=\"article:publisher\" content=\"https:\/\/pt-br.facebook.com\/MazonMaquetes\/\" \/>\n<meta property=\"article:modified_time\" content=\"2023-06-27T17:55:49+00:00\" \/>\n<meta property=\"og:image\" content=\"https:\/\/mazonmaquetes.com.br\/espanhol\/wp-content\/uploads\/portfolios\/chause-1-maquetes-curitiba.jpg\" \/>\n<meta name=\"twitter:card\" content=\"summary_large_image\" \/>\n<meta name=\"twitter:site\" content=\"@mazonmaquetes\" \/>\n<meta name=\"twitter:label1\" content=\"Est. tempo de leitura\" \/>\n\t<meta name=\"twitter:data1\" content=\"1 minuto\" \/>\n<script type=\"application\/ld+json\" class=\"yoast-schema-graph\">{\"@context\":\"https:\/\/schema.org\",\"@graph\":[{\"@type\":\"WebPage\",\"@id\":\"https:\/\/mazonmaquetes.com.br\/espanhol\/la-mazon\/\",\"url\":\"https:\/\/mazonmaquetes.com.br\/espanhol\/la-mazon\/\",\"name\":\"La Mazon &#8212; Mazon Maquetes\",\"isPartOf\":{\"@id\":\"https:\/\/mazonmaquetes.com.br\/espanhol\/#website\"},\"datePublished\":\"2017-10-15T03:53:18+00:00\",\"dateModified\":\"2023-06-27T17:55:49+00:00\",\"description\":\"Nossas maquetes contam com profissionais especializados como Arquitetos, Designers, Artistas Pl\u00e1sticos, Marceneiros, Pintores e Maquetistas Experientes.\",\"breadcrumb\":{\"@id\":\"https:\/\/mazonmaquetes.com.br\/espanhol\/la-mazon\/#breadcrumb\"},\"inLanguage\":\"pt-BR\",\"potentialAction\":[{\"@type\":\"ReadAction\",\"target\":[\"https:\/\/mazonmaquetes.com.br\/espanhol\/la-mazon\/\"]}]},{\"@type\":\"BreadcrumbList\",\"@id\":\"https:\/\/mazonmaquetes.com.br\/espanhol\/la-mazon\/#breadcrumb\",\"itemListElement\":[{\"@type\":\"ListItem\",\"position\":1,\"name\":\"In\u00edcio\",\"item\":\"https:\/\/mazonmaquetes.com.br\/espanhol\/\"},{\"@type\":\"ListItem\",\"position\":2,\"name\":\"La Mazon\"}]},{\"@type\":\"WebSite\",\"@id\":\"https:\/\/mazonmaquetes.com.br\/espanhol\/#website\",\"url\":\"https:\/\/mazonmaquetes.com.br\/espanhol\/\",\"name\":\"Mazon Maquetes\",\"description\":\"La Mazon Maquetes e Modelos atua na elabora\u00e7\u00e3o de maquetes para diversos setores e aplica\u00e7\u00f5es, como o mercado imobili\u00e1rio, industrial, museol\u00f3gico, acad\u00eamico e outros a n\u00edvel nacional e internacional.\",\"potentialAction\":[{\"@type\":\"SearchAction\",\"target\":{\"@type\":\"EntryPoint\",\"urlTemplate\":\"https:\/\/mazonmaquetes.com.br\/espanhol\/?s={search_term_string}\"},\"query-input\":\"required name=search_term_string\"}],\"inLanguage\":\"pt-BR\"}]}<\/script>\n<!-- \/ Yoast SEO plugin. -->","yoast_head_json":{"title":"La Mazon &#8212; Mazon Maquetes","description":"Nossas maquetes contam com profissionais especializados como Arquitetos, Designers, Artistas Pl\u00e1sticos, Marceneiros, Pintores e Maquetistas Experientes.","robots":{"index":"index","follow":"follow","max-snippet":"max-snippet:-1","max-image-preview":"max-image-preview:large","max-video-preview":"max-video-preview:-1"},"canonical":"https:\/\/mazonmaquetes.com.br\/espanhol\/la-mazon\/","og_locale":"pt_BR","og_type":"article","og_title":"La Mazon &#8212; Mazon Maquetes","og_description":"Nossas maquetes contam com profissionais especializados como Arquitetos, Designers, Artistas Pl\u00e1sticos, Marceneiros, Pintores e Maquetistas Experientes.","og_url":"https:\/\/mazonmaquetes.com.br\/espanhol\/la-mazon\/","og_site_name":"Mazon Maquetes","article_publisher":"https:\/\/pt-br.facebook.com\/MazonMaquetes\/","article_modified_time":"2023-06-27T17:55:49+00:00","og_image":[{"url":"https:\/\/mazonmaquetes.com.br\/espanhol\/wp-content\/uploads\/portfolios\/chause-1-maquetes-curitiba.jpg"}],"twitter_card":"summary_large_image","twitter_site":"@mazonmaquetes","twitter_misc":{"Est. tempo de leitura":"1 minuto"},"schema":{"@context":"https:\/\/schema.org","@graph":[{"@type":"WebPage","@id":"https:\/\/mazonmaquetes.com.br\/espanhol\/la-mazon\/","url":"https:\/\/mazonmaquetes.com.br\/espanhol\/la-mazon\/","name":"La Mazon &#8212; Mazon Maquetes","isPartOf":{"@id":"https:\/\/mazonmaquetes.com.br\/espanhol\/#website"},"datePublished":"2017-10-15T03:53:18+00:00","dateModified":"2023-06-27T17:55:49+00:00","description":"Nossas maquetes contam com profissionais especializados como Arquitetos, Designers, Artistas Pl\u00e1sticos, Marceneiros, Pintores e Maquetistas Experientes.","breadcrumb":{"@id":"https:\/\/mazonmaquetes.com.br\/espanhol\/la-mazon\/#breadcrumb"},"inLanguage":"pt-BR","potentialAction":[{"@type":"ReadAction","target":["https:\/\/mazonmaquetes.com.br\/espanhol\/la-mazon\/"]}]},{"@type":"BreadcrumbList","@id":"https:\/\/mazonmaquetes.com.br\/espanhol\/la-mazon\/#breadcrumb","itemListElement":[{"@type":"ListItem","position":1,"name":"In\u00edcio","item":"https:\/\/mazonmaquetes.com.br\/espanhol\/"},{"@type":"ListItem","position":2,"name":"La Mazon"}]},{"@type":"WebSite","@id":"https:\/\/mazonmaquetes.com.br\/espanhol\/#website","url":"https:\/\/mazonmaquetes.com.br\/espanhol\/","name":"Mazon Maquetes","description":"La Mazon Maquetes e Modelos atua na elabora\u00e7\u00e3o de maquetes para diversos setores e aplica\u00e7\u00f5es, como o mercado imobili\u00e1rio, industrial, museol\u00f3gico, acad\u00eamico e outros a n\u00edvel nacional e internacional.","potentialAction":[{"@type":"SearchAction","target":{"@type":"EntryPoint","urlTemplate":"https:\/\/mazonmaquetes.com.br\/espanhol\/?s={search_term_string}"},"query-input":"required name=search_term_string"}],"inLanguage":"pt-BR"}]}},"_links":{"self":[{"href":"https:\/\/mazonmaquetes.com.br\/espanhol\/wp-json\/wp\/v2\/pages\/13"}],"collection":[{"href":"https:\/\/mazonmaquetes.com.br\/espanhol\/wp-json\/wp\/v2\/pages"}],"about":[{"href":"https:\/\/mazonmaquetes.com.br\/espanhol\/wp-json\/wp\/v2\/types\/page"}],"author":[{"embeddable":true,"href":"https:\/\/mazonmaquetes.com.br\/espanhol\/wp-json\/wp\/v2\/users\/1"}],"replies":[{"embeddable":true,"href":"https:\/\/mazonmaquetes.com.br\/espanhol\/wp-json\/wp\/v2\/comments?post=13"}],"version-history":[{"count":0,"href":"https:\/\/mazonmaquetes.com.br\/espanhol\/wp-json\/wp\/v2\/pages\/13\/revisions"}],"wp:attachment":[{"href":"https:\/\/mazonmaquetes.com.br\/espanhol\/wp-json\/wp\/v2\/media?parent=13"}],"curies":[{"name":"wp","href":"https:\/\/api.w.org\/{rel}","templated":true}]}}